ommon factor of p and x?
12
Let v(w) = -w**3 + 7*w**2 - 5*w + 3. Let s be v(6). Let g = 3 - s. Let m be (36/15)/(g/(-80)). Calculate the greatest common factor of 80 and m.
16
Let q = 35 + -7. Let l be (-1 - -1) + 2 - -10. Suppose 5*f - 8 = -2*x, 3*x + 0*x - f - l = 0. What is the highest common factor of q and x?
4
Suppose 25*q - 20*q + 5*x - 85 = 0, 3*q + 5*x = 61. Calculate the highest common factor of q and 672.
12
Suppose -98 = 9*l - 134. Suppose -1 + 3 = g. Suppose 0 = -g*w - 3*w + 5. What is the highest common factor of w and l?
1
Let t = 229 + -121. Let m = t + -36. Suppose -5*b + m = b. What is the highest common factor of 12 and b?
12
Suppose 5*r - 27 = y - 3*y, 4*y - 65 = r. Let o = 138 - 130. What is the greatest common factor of o and y?
8
Suppose 5*d = 2*t + 60, -t = -3*t - 10. What is the highest common factor of d and 640?
10
Let s be 162/7 - (-32)/(-28). What is the greatest common divisor of s and 1067?
11
Suppose 4*t = -3*i + 5447, 3*t - 5 - 1 = 0. Calculate the greatest common divisor of i and 37.
37
Let y(q) = -q + 16. Let a be y(-5). Let u be ((-24)/(-2))/(a/56). Suppose -g = -31 - 17. Calculate the greatest common factor of u and g.
16
Let s(m) = -m + 20. Let n be s(14). Suppose -i - n*h = -3*h - 1, 0 = i - h - 1. Suppose -i = 2*c - 43. Calculate the greatest common factor of 3 and c.
3
Suppose -k + 345 = 3*d + 2*k, -3*d + 3*k = -327. Let g = 122 - d. Calculate the highest common factor of g and 110.
10
Suppose -235 + 25 = -5*i. Let y = i + -3. What is the greatest common factor of 273 and y?
39
Let b(a) = a**3 - 4*a**2 - 4*a - 1. Let r be b(5). Let p be ((-24)/(-20))/(r/120). What is the highest common factor of p and 9?
9
Let a(w) = w**3 - 20*w**2 - 44*w + 52. Let v be a(22). Calculate the highest common divisor of v and 91.
13
Suppose 0 = -m + q + 7, -5*m - 2*q + 49 = 0. Calculate the highest common factor of m and 15.
3
Let r(q) be the second derivative of 2*q**3/3 - 6*q**2 + 8*q. Let h be r(7). Calculate the greatest common factor of h and 40.
8
Suppose 49 = -11*q + 269. What is the greatest common factor of 1220 and q?
20
Suppose -280 = 57*t - 64*t. What is the highest common factor of t and 5?
5
Let f be (-2)/(-8) - 28/(-16). Suppose 22 = f*t - 0. Calculate the highest common factor of t and 11.
11
Suppose -19*k + 892 = 208. Calculate the greatest common factor of 156 and k.
12
Suppose 12*z + 168 = 1908. What is the highest common factor of z and 30?
5
Let a be -7 + 8 - (2 + -85). Suppose a = -2*h + 348. Calculate the highest common factor of h and 33.
33
Suppose -3*y - 4*p + 8*p = -80, 110 = 5*y + 5*p. Suppose 0 = 3*w + 5*w - 2952. Let u = 561 - w. Calculate the highest common factor of u and y.
24
Let q = 217 + -112. Suppose 5*l - 2*k - k = q, 3*l - 69 = 3*k. Let s be 0/(-1) - (-20 - -2). Calculate the highest common factor of s and l.
18
Let x(a) = -a**3 + 6*a**2 + 9*a + 9. Let c be x(7). Suppose -6*n + 2 = -7*n. Let i = n + c. Calculate the highest common divisor of 7 and i.
7
Let l(w) = 9*w**3 - 3*w + 4. Let n be l(1). What is the greatest common divisor of n and 200?
10
Let k be ((-75)/(-12))/((-4)/(-48)*3). Let p = 35 - k. Calculate the highest common divisor of 70 and p.
10
Let v(n) = -n**2 - 7*n - 4. Let h be v(-6). Suppose 4*t = -h*b - 27 + 137, 3*t + 249 = 5*b. Calculate the highest common divisor of b and 34.
17
Let p(w) = -9*w - 78. Let x(l) = -2*l - 20. Let t(m) = 5*p(m) - 21*x(m). Let n be t(8). What is the greatest common factor of n and 24?
6
Let x(o) = -o**2 + 14*o + 1. Let u be x(11). Let m = 340 - 170. What is the greatest common factor of u and m?
34
Suppose 160*x - 163*x + 9 = 0. Let o be ((-939)/(-8))/x - (-2)/(-16). What is the highest common divisor of 3 and o?
3
Suppose 14*f - 17*f - 6 = 0. Let y(x) = -x + 10. Let n be y(f). Calculate the greatest common divisor of 28 and n.
4
Suppose 28*g + 5*f + 2580 = 33*g, 0 = g + f - 524. What is the highest common divisor of g and 13?
13
Let n = -68 - -833. Suppose 0 = 6*r - r - n. What is the highest common factor of r and 17?
17
Let o be 30/12 + (-2)/4. Let z(c) = -3*c - 4*c**o - 2*c**3 + c**3 + 2*c + 5*c**2 + 2. Let i be z(-2). Calculate the greatest common factor of 16 and i.
16
Suppose -3*t = 20 - 8. Let v be (-57)/((-9)/3) + t. Suppose -3*c + 2*l = 3*l - 86, 3*c = -3*l + 78. Calculate the highest common factor of c and v.
15
Suppose 4*i + 410 = 3*x - i, 0 = -4*x + i + 558. Let z be -5 + 0 + 6/(24/100). What is the highest common factor of z and x?
20
Let m(g) = g - 2. Let r be m(2). Suppose r*i - 3 = -i. Suppose 0*z = -i*z + 39. Calculate the highest common divisor of 117 and z.
13
Suppose -2*o - 2909 = -2949. What is the highest common factor of 715 and o?
5
Suppose 4 = u + l - 5*l, 4*u - 36 = -4*l. Let g(w) = 5*w - 16. Let k be g(u). Calculate the highest common divisor of 3 and k.
3
Let y be 1344/7 + (-6)/9*3. Calculate the greatest common factor of 20 and y.
10
Suppose 2*d - 23 - 7 = 0. Suppose 3*y = 4*q - 65, -d - 1 = -2*q - 4*y. What is the greatest common factor of 140 and q?
14
Let h be (-1)/(-5) + (-1749)/(-5) + -3. Suppose 11*b - 214 = h. What is the highest common divisor of 357 and b?
51
Suppose 0 = 4*a - 3*f + 64, 5*a + f - 20 + 100 = 0. Let t be 3*a/12 + 28. Calculate the greatest common divisor of t and 16.
8
Suppose 74 = 2*p + 26. Let y be (1 - 0)/2*1872/39. Calculate the highest common factor of p and y.
24
Let p = 561 + -330. Suppose p = 2*w - 119. What is the highest common factor of w and 25?
25
Suppose 48 = z + 2*z. Let k = 73 - 25. Calculate the highest common factor of k and z.
16
Let k = -9 - 11. Let m = k + 34. Let s(o) = -2*o**3 + 4*o. Let z be s(-4). What is the greatest common factor of z and m?
14
Suppose -2*x + 3*s + 10 = 0, -3*x - 4*s - s = 4. Suppose -56 = -2*q - x*q. What is the greatest common divisor of 35 and q?
7
Let v be -1*4*(3 + -4). Suppose 2*s - 6*s = -8. Let c = s + 26. What is the greatest common factor of v and c?
4
Let o = 400 + 92. What is the greatest common factor of 12 and o?
12
Let c = 7 + -3. Let q = -654 + 658. What is the highest common factor of q and c?
4
Let g(z) = -z + 15. Let r be g(0). Let w = r - 11. Suppose 0 = q - w*q + m + 34, 12 = -3*m. Calculate the greatest common factor of q and 80.
10
Let k(r) = r**2 - 2*r + 40. Suppose 2*i = 5*i. Let u be k(i). Calculate the highest common divisor of 20 and u.
20
Suppose -p + 7 = 4. Suppose 0 = -3*s - 3 - p. Let a be (s*10)/(2/(-3)). Calculate the greatest common factor of a and 20.
10
Let i(a) = -9 - 33 + 7 + 26*a - 13*a. Let t be i(7). What is the greatest common divisor of 14 and t?
14
Let u = -17 - -7. Let y = u - -14. Suppose f - y = -f. Calculate the highest common divisor of f and 10.
2
Let c = 13 + 8. Let f(t) = 22*t**2 - 3*t + 2. Let u be f(2). Calculate the greatest common factor of u and c.
21
Let u(n) = -n**3 + 2*n**2 - 9*n - 28. Let v be u(-4). Calculate the highest common divisor of 12 and v.
4
Let x = -48 + 80. Let i = 41 - x. Suppose -2*z - 4*o + 42 = 0, 3*z + 147 = 8*z - 4*o. What is the highest common factor of i and z?
9
Let n = -1 + 4. Suppose 0 = -n*r - 2*c + c + 46, c - 4 = 0. Let k = r + 6. Calculate the greatest common factor of 160 and k.
20
Let z(c) = -c**3 + 8*c**2 - 6*c - 5. Let w(m) = m + 2. Let a be w(3). Let y be z(a). Calculate the highest common divisor of y and 8.
8
Let o be (-4)/10 + 992/80. Let v(i) = -o - i + 19 - 4. Let a be v(2). Calculate the greatest common divisor of 11 and a.
1
Let m be (11 - 0)/(2/338). Calculate the highest common factor of m and 286.
143
Let h be 325/6 + (-2)/12. Let l = h + -19. Calculate the greatest common divisor of 280 and l.
35
Let b = 572 + -530. Calculate the greatest common factor of b and 182.
14
Let t be 1 + 2 - 275/(7 - 18). Calculate the highest common divisor of t and 52.
4
Let a(q) = -q**3 - 10*q**2 - 2*q - 4. Let r be a(-10). Let l = 935 - 1577. Let o be (-19)/(-38) + -1 + l/(-4). What is the greatest common factor of r and o?
16
Suppose 11*u = 888 + 3182. Calculate the highest common factor of 10 and u.
10
Let k = 9 - 6. Let m be (3/2)/k*190. Suppose -a + 20 - 1 = 0. What is the highest common factor of m and a?
19
Let f = -7 - -149. Suppose f + 254 = 4*t. Suppose -2*i + 3*i - t = 0. What is the greatest common factor of 9 and i?
9
Let q = 452 + -245. Calcul